7
Let t(q) = -13*q - 81. Let o be t(-12). What is the greatest common factor of o and 6?
3
Suppose 1519*s = 1510*s + 1341. What is the greatest common factor of s and 596?
149
Let l(p) = p**2 + 4*p - 85. Let u be l(10). Calculate the highest common factor of u and 55.
55
Let y be 11570/4450 - (0 - 1/10)*-6. Let k = 6 + 1. What is the greatest common factor of k and y?
1
Let g(j) = 15*j + 13 + 20*j**2 + 0 - 7*j. Let q be g(-2). Suppose -m = -1 - 6. Calculate the greatest common divisor of q and m.
7
Let h = 22888 + -21645. Calculate the highest common factor of 77 and h.
11
Let k(u) = -u**3 + 5*u**2 + 3*u + 4. Let m be k(5). Suppose 5*h + 3*b = -0 + 107, 4*h - 5*b = 56. Calculate the greatest common factor of h and m.
19
Let l be 265/40 + (-18)/(-48). Calculate the greatest common factor of 469 and l.
7
Let k(c) = 72*c**2 + 345*c - 23. Let z be k(-5). Calculate the highest common factor of z and 11804.
52
Suppose j - 1 = -5*q + 2*q, 4*q + 24 = 5*j. Let t be 78/(1/(j*(-5)/(-30))). Let a = 2 - -37. What is the highest common divisor of t and a?
13
Let z be (-420)/(-126) - ((-12)/(-9) + 0). What is the highest common factor of 1450 and z?
2
Let g = -1273 - -2183. Suppose -g = -2*s - m, -1177 = -5*s - m + 1101. Suppose -124*t = -120*t - s. Calculate the highest common factor of t and 6.
6
Let o be (6/4)/(9/12). Suppose o*p + 7 = 13. Suppose -p*k + 48 = k. What is the greatest common factor of k and 18?
6
Let h = -437 - -371. Let a = h - -312. Calculate the highest common divisor of 6 and a.
6
Let x be (12/10)/((-6)/(-50)). Let v be (12/x)/((-18)/1740). Let s = v + 176. What is the highest common factor of s and 12?
12
Let s be -3 + -1 + (-3504)/2. Let h = 2874 + s. Calculate the highest common divisor of 26 and h.
26
Suppose 0 = -7*d - 18 + 235. Suppose -d = 5*f - 136. Suppose -3*i + 3 = -60. Calculate the highest common divisor of i and f.
21
Let y(s) = 2*s - 5. Let o be y(8). Suppose 47*f = 5*f - 30*f + 792. What is the highest common factor of o and f?
11
Suppose 539 = l - 8*r + 7*r, 7*l - 3784 = -4*r. What is the highest common factor of l and 7155?
135
Let p(n) = 10*n**2 + 24*n + 58. Let y be p(-5). Calculate the greatest common divisor of y and 1269.
47
Suppose 34723 = 144*i + 9379. What is the greatest common divisor of 341 and i?
11
Let x be (3 + 8/(-3))*3. Let i be 4*((3 - x) + 1). Let z(k) = 2*k**3 - 7*k**2 + 7*k - 2. Let t be z(5). Calculate the highest common factor of t and i.
12
Suppose 0 = -5*u - 2*c - 17725 + 73209, 5*c + 55435 = 5*u. Calculate the highest common factor of 129 and u.
129
Let y = -5 + 8. Suppose -n = 3*b - 18, -b - 92 = -4*n - 3*b. Calculate the greatest common factor of n and y.
3
Let z = -3833 - -22743. Calculate the greatest common divisor of z and 61.
61
Suppose 0 = 11*v + 7483 - 8473. What is the greatest common divisor of 4905 and v?
45
Suppose 57*q - 54*q = -3*u + 34245, -5*u + 15 = 0. What is the highest common divisor of q and 108?
36
Let m = 364 - 244. Suppose 135 - 210 = -w. What is the greatest common divisor of m and w?
15
Let f be -6 + 13/1 + (-2 - 2) + 3618. Calculate the greatest common divisor of f and 204.
51
Suppose -59*t + 22525 = -10455 + 8436. Calculate the highest common divisor of t and 156.
52
Suppose -29*l - 9196 = -33*l. What is the greatest common divisor of 38 and l?
19
Let a = -37585 - -37613. Calculate the greatest common factor of 2779 and a.
7
Let s(t) = 3*t**2 + 63*t + 51. Let p be s(-22). What is the greatest common factor of 390 and p?
39
Let v = 3110 - 2919. Calculate the highest common factor of 9359 and v.
191
Let g(w) = 63*w**2 - 5*w + 14. Let z be g(4). What is the greatest common factor of 6 and z?
6
Let o(f) = 78*f**2 + 47*f + 111. Let z be o(-3). Calculate the highest common divisor of z and 1148.
28
Let c(d) = -13*d + 148. Let z be c(21). Let s = 141 + z. Calculate the highest common factor of 88 and s.
8
Suppose 3*b = 2*d - 534, -4*d + 1124 = 5*b + 12. Let r be -33 + 41 + 39/(-4 + 7). What is the highest common divisor of r and d?
21
Suppose -22*g + 49 = -61. Suppose 0 = -d - 4, -2*o + g*d + 1657 = 137. Calculate the greatest common divisor of o and 15.
15
Suppose -5*a - 99 = -3*l - 6*a, -4*a = -5*l + 148. Suppose 4*p + 10 = 3*r + 8*p, -4*p = -4*r + l. What is the highest common divisor of r and 540?
6
Suppose -258*h - 6930 = -288*h. What is the highest common divisor of h and 126?
21
Let i be (-2)/5*60/(-1). Suppose -3*f - 14*f = 13107. Let h = f + 787. What is the highest common factor of i and h?
8
Let r = -421 - -4481. What is the highest common divisor of r and 420?
140
Let d be (648/(-60))/(6/(-770)). Calculate the greatest common factor of d and 322.
14
Suppose 407*t = 406*t + 33. Suppose -6*h - t = -333. Calculate the highest common divisor of h and 25.
25
Suppose 0 = 2*o - 9 - 1. Suppose 37 = 7*u - o. Let c(z) = 2*z + 4. Let r be c(u). What is the highest common divisor of 16 and r?
16
Let z = -300 + 323. Suppose x - 2*s - 29 = -0*s, -x = -5*s - z. Calculate the greatest common divisor of 209 and x.
11
Let w = 5 - 1. Suppose 5*p = -3*d + 335, d + 285 = w*p - 0*p. Let u(g) = -416*g**2 - 2114*g + 5. Let z be u(-5). Calculate the highest common factor of z and p.
35
Suppose 4*a = 2*l - 212, 198 = -9*l + 11*l + 3*a. Suppose 0 = -13*s + 18*s - 30. What is the highest common divisor of s and l?
6
Suppose 4*v - 19102 = 3*s, -7*v + 8*v - 3*s - 4789 = 0. What is the highest common factor of v and 78?
13
Let k(b) = -98*b + 10. Let r be k(-1). Let n = 131 - r. What is the greatest common divisor of 46 and n?
23
Let s = -81 - 17. Let n = 166 + s. Suppose 3*f - n - 19 = 0. What is the greatest common divisor of f and 29?
29
Let c = -272 - -276. Suppose -5*f + 1864 = 3*t, -2*t = -c*f + t + 1502. Let n = 3 + 31. Calculate the highest common divisor of f and n.
34
Let p(w) = -4*w**3 - 10*w**2 - 17*w + 1. Let y be p(-3). Let o(i) = i**2 - 15*i - 44. Let q be o(18). Calculate the greatest common factor of y and q.
10
Suppose -1148*w - 1236 = -1154*w. Suppose -5*d = 171 - w. Suppose 0 = 2*g + 5*c - 0 + 1, 3*c = 2*g - 23. Calculate the greatest common divisor of d and g.
7
Let w(z) = 102*z + 2168. Let v be w(-21). Calculate the greatest common factor of 5486 and v.
26
Let r(x) = 2*x - 55. Let z be r(11). Let w = 147 + z. What is the highest common factor of 76 and w?
38
Suppose 92531*x - 92520*x = 33. Let j be 31 + (1/1)/(-1). Calculate the greatest common divisor of x and j.
3
Suppose -2*h - 35 = -171. Let i = -26 + h. Let y be (-9)/21 + 354/i. Calculate the greatest common divisor of 88 and y.
8
Let h be 81/(-108)*2/(-3)*2. Calculate the greatest common factor of 17 and h.
1
Suppose -22*f + 2902 - 1462 = -3312. What is the highest common factor of f and 1854?
18
Let b = 3612 + -3549. Calculate the highest common factor of 273 and b.
21
Let w be ((-6)/10)/(3/(-45)). Let a be 6/(-27) + -101*(-1)/w. Let r be (-1 + -21)*14/(-4). What is the greatest common divisor of a and r?
11
Let i = -412 + 250. Let k = i - -204. Calculate the highest common divisor of 28 and k.
14
Suppose -4*s + 68 = -2*f, -2*s - 3*f + 34 = f. Suppose -255 = 12*i - 11*i. Let p be (4 + (-28)/6)*i/2. Calculate the highest common factor of s and p.
17
Let p = -7553 + 7583. What is the highest common factor of 1280 and p?
10
Suppose -f - 27 = -38. Let q(j) = -j**3 + 12*j**2 - 12*j + 13. Let h be q(f). Suppose 0 = -5*o + h*o + 162. Calculate the greatest common divisor of 18 and o.
18
Let l = 29 - 24. Suppose 0 = -3*z + z + 256. Suppose l*m = z + 172. What is the greatest common divisor of 12 and m?
12
Let b = -77 + 80. Let z = -24 + 49. Suppose 2*m - 38 - 107 = b*t, 5*t = z. What is the highest common divisor of 20 and m?
20
Suppose -3*h - n + 3*n = -206, 5*h + 3*n - 337 = 0. Suppose 179*k = 64*k + 31280. Calculate the greatest common factor of k and h.
68
Let c(b) = -216*b - 6399. Let k be c(-30). What is the greatest common divisor of 2538 and k?
27
Let g(z) = 39*z - 320. Let h be g(8). Let w be 370 + -2 - h/(-2). Calculate the highest common divisor of 104 and w.
52
Let h be (5/80*-148)/((-3)/624) - 3. What is the highest common divisor of 17 and h?
17
Let l = -14290 - -17178. Calculate the greatest common divisor of 72 and l.
8
Let u = 12 + -5. Suppose -2*r + y - 173 = 0, r + 3*y - 6*y + 99 = 0. Let a = u - r